rime number?
False
Let t be ((-4)/8)/((-2)/(-200)). Let j = -36 - t. Is j prime?
False
Let c = 69 - 54. Is c a composite number?
True
Let n be (-17)/(-6) + (-4)/(-24). Suppose 0 = 2*y - n*h - 104, -2*y - 4*h + 2*h + 114 = 0. Is y prime?
False
Let l be ((-2)/6)/((-6)/(-3258)). Let s = l - -326. Is s a prime number?
False
Is ((-6)/(-9))/((-2)/(-1179)) a composite number?
True
Let m be 27 + (-1 + -1)*1. Let b(x) = -x**3 + 6*x**2 + 6*x - 2. Let g be b(6). Let r = m + g. Is r composite?
False
Let n(l) = 2*l**3 - l**2 - 5*l - 5. Let s(g) = g**3 - g**2 - g - 1. Let m(z) = -n(z) + 3*s(z). Let v = -9 + 11. Is m(v) a prime number?
False
Let z be (-2 + 3)*15/3. Suppose -5*g = -n + 27, n - 3*g - 7 = z*n. Suppose 158 = 2*a - 2*d, -4*a = -n*a + 4*d - 146. Is a prime?
False
Suppose -4*d - 757 + 4793 = 0. Suppose c - 4*n - 347 = -0*c, 3*c = -4*n + d. Suppose c = 5*u + 44. Is u prime?
True
Let w(g) = g**3 + 7*g**2 + 6. Let b be w(-7). Let t = -5 + b. Suppose -q + 12 = t. Is q prime?
True
Let x be (-1)/(-3) + (-170)/(-30). Is (596/x)/(2/3) composite?
False
Let v(c) = 99*c - 4. Suppose 0 = -0*n - n + 9. Is v(n) prime?
True
Let j(k) be the second derivative of k**3/6 - 3*k. Let n be j(1). Is 24*1 + -4 + n prime?
False
Suppose 0 = 5*y + 3*r - 5661 - 776, r - 4 = 0. Is y prime?
False
Let t(d) = -d**3 + 14*d**2 + 12*d + 4. Is t(9) a composite number?
True
Suppose 21*b + 63 = 24*b. Is b composite?
True
Let z = 2 + -2. Suppose z = 2*f - 4. Let y(l) = 39*l + 1. Is y(f) prime?
True
Let w = 5 + -7. Is (w - -36) + (-1)/(-1) composite?
True
Suppose 0 = -2*z - 3*z + 10. Let n be z - (-2 + 3 + -15). Let x = -9 + n. Is x a composite number?
False
Suppose 16*h - 10*h - 3222 = 0. Is h a prime number?
False
Suppose 2*f = 5*c, -4*f + 3*c = -2*f. Let o(q) = -q**2 - q + 35. Is o(f) composite?
True
Let u(b) = 11*b - 3. Is u(2) prime?
True
Suppose 2*n + 4*p + 24 = 0, 3*n - 8 = 4*p - 4. Let i be n/(-18) - 560/9. Is 2/(-6) + i/(-6) composite?
True
Is (0 + -770)/(-1) - (-5 - -6) a composite number?
False
Suppose -m + 294 = -329. Is m composite?
True
Let a = 29 - 63. Let j be ((-10)/4)/1*a. Let i = j - 54. Is i composite?
False
Let r(c) = 26*c + 1. Let w(u) = u**3 + 5*u**2 - 7*u + 2. Let m be w(-6). Let o = -3 + m. Is r(o) a prime number?
True
Let z(b) = 9*b**2 - 2*b - 5. Let y(j) = j**2. Let r(q) = 2*y(q) + z(q). Is r(4) prime?
True
Let u = -1 - -1. Suppose -n + 136 + 7 = u. Is n composite?
True
Let a be (4 - 2)*175/2. Let f = 316 - a. Is f composite?
True
Suppose 2*m + 434 = 4*y, -4*m = -6*y + y + 541. Is y a composite number?
False
Let v(b) = b + 9. Let f be v(-6). Suppose -f*q + 5 + 4 = 0. Suppose -p = g - 39, 90 = -q*p + 5*p + 5*g. Is p prime?
False
Let b = -14 - -433. Let g = -20 + b. Suppose -2*l = l - g. Is l prime?
False
Suppose -1789 = -o - o - 5*q, 2*q - 897 = -o. Is o a prime number?
True
Is -2*(2 - 7050/12) a prime number?
True
Let i(j) = -16*j + 1. Suppose -o - 24 = 3*o. Is i(o) composite?
False
Is (-3)/(-2) - (-39684)/24 a prime number?
False
Let g(b) be the third derivative of 7*b**4/8 + b**3/6 - 8*b**2. Is g(8) a prime number?
False
Let t = -96 + 190. Is t a prime number?
False
Let u(n) = -490*n - 1. Let s be u(-1). Let m = -221 + s. Suppose -m = -3*f - f. Is f a prime number?
True
Suppose p - 29 = 36. Is p prime?
False
Let q = -114 + 607. Suppose -4*j = -5*o - 483, -4*j + q = 2*o + 3*o. Is j a composite number?
True
Let i = 431 + -246. Is i a composite number?
True
Suppose -4*x = 3*s - 7*x - 1341, 5*s - x - 2231 = 0. Is s a composite number?
True
Let m(g) = 4*g**2 + 5*g + 5. Let x(j) = j - 6. Let u be x(0). Is m(u) a prime number?
False
Suppose 2*n + 5*j - 702 = 0, 3*n - 2*j - 1035 = -5*j. Is n a prime number?
False
Let x = -5 + 8. Suppose -x*z + 14 = 2. Suppose 179 = -2*u + 4*u - 3*g, -z*g = 4*u - 308. Is u prime?
False
Let x(f) = -2*f + 7*f - f - 2 - 1. Is x(10) a prime number?
True
Suppose o - 52 = -0*o. Suppose -2*q - 248 = -3*j - o, -336 = -5*j + q. Suppose -3*i - 115 = -3*z + 2*i, -2*z - i + j = 0. Is z a prime number?
False
Let c(m) = -m. Suppose -5*f - 76 = -21. Is c(f) composite?
False
Let p(s) = -s - 4. Let m be p(-4). Suppose m = -0*o - 5*o - 25. Is o/((-20)/6)*26 a composite number?
True
Let h = 20 + -16. Suppose 4*q + h = 0, -2*n + 5*n + q = 164. Is n prime?
False
Let s(t) = 15*t**2 + 5. Let w(b) = 1 + 0 - 3 + 3. Let z(n) = s(n) - 5*w(n). Is z(1) composite?
True
Suppose r + 0*a - 273 = -4*a, -3*r = -4*a - 755. Is r a prime number?
True
Let c(m) = 13*m**3 - m**2 + 2*m - 1. Is c(2) prime?
True
Is 4/(-6)*(-2067)/26 a composite number?
False
Suppose -4*q + 3*j - 4*j = 15, j = -5*q - 20. Let u(y) = -y**3 - 6*y**2 - 7*y - 1. Is u(q) a composite number?
True
Suppose 155 = 4*l - 3*y, 0*y + 125 = 4*l + 3*y. Suppose -62 = -n + l. Is n prime?
True
Suppose -4*w - 2*i + 2604 = 0, 1939 = w + 2*w + 5*i. Is w a prime number?
True
Let z = 2 - 0. Suppose z*f + 2*f = 104. Is f composite?
True
Suppose 0*g - z - 7 = -3*g, g - 5*z = -21. Let o(f) = 2*f**3 - 6*f**2 + f - 1. Is o(g) a prime number?
False
Let f = 2 - -4. Is (-2)/(f/393)*-1 a prime number?
True
Let s = 35 - -168. Is s composite?
True
Let y = 1032 + -89. Is y composite?
True
Let n(q) = -q - 2. Let b be n(5). Let v = 0 - b. Is v a composite number?
False
Let v(p) = 2502*p**2 + 5*p - 4. Is v(1) prime?
True
Let u(w) be the first derivative of w**2/2 - 5*w - 1. Let r be u(-6). Let k = 46 + r. Is k a prime number?
False
Let h be (-18)/24 + (-30)/(-8). Suppose 2*u - 454 = h*o - 72, 0 = 3*o - u + 377. Let x = -69 - o. Is x a composite number?
True
Let v(z) be the second derivative of -z**4/12 - z**3/2 + 7*z**2/2 - 2*z. Let s be v(-5). Let a = 9 + s. Is a composite?
True
Let m = 41 + 1026. Is m a composite number?
True
Let f = -13 + 9. Let p be (1*f + 3)*98. Is (-2)/(2 + 200/p) prime?
False
Let t = 3443 + -1342. Is t a composite number?
True
Suppose -5*q + 4*w + 2948 = 0, -2*q + 5*w + 438 + 731 = 0. Let u = q + -125. Is u a prime number?
True
Let t = -816 - -1145. Is t a prime number?
False
Let w(o) = -o + 7. Let h be w(3). Is (-4)/(-16) - (-39)/h prime?
False
Let m = -476 - -304. Is (9/6)/((-3)/m) a composite number?
True
Suppose 5*y + 2901 = 8*y. Is y prime?
True
Let a = 372 + 309. Is a a composite number?
True
Suppose 624 = -3*o - 36. Is 1*(1 - o - -2) composite?
False
Suppose -5*a + 3*a = -14. Is a prime?
True
Is 3868/2*6/12 a composite number?
False
Let q be 5*3/6*2. Suppose -5*n + 4*u + 262 = q*u, 4*n - 218 = 2*u. Is n composite?
False
Suppose -8*z + 1430 = -3*z. Suppose 0*l - 2*l = -z. Is l composite?
True
Suppose 9895 + 4979 = 6*a. Is a composite?
True
Suppose 0 = -2*j + f + 4*f + 21, -3 = 3*j + 4*f. Suppose -2*u = j*u. Suppose 4*g + 3*s - 731 = u, -g - s + 194 = -4*s. Is g prime?
False
Let a(x) = 62*x**3 - x**2 - x + 2. Let l(i) = i + 13. Let r be l(-12). Is a(r) composite?
True
Suppose -4*o + 9*o = 105. Suppose 4*v + o = 1, 5*k - 1265 = -4*v. Is k a composite number?
False
Suppose 0 = -v - 2*v. Let f = 2 - v. Suppose f*b + 10 = 3*b. Is b a prime number?
False
Suppose 0 = -2*c + 597 + 1641. Is c a composite number?
True
Let v be 0/(5/(15/6)). Suppose v = 5*p + 31 - 216. Is p a prime number?
True
Let r = 8 - 5. Suppose 16 = -g - r*g. Let j(p) = 3*p**2 + p - 1. Is j(g) prime?
True
Suppose 2*u + 4 = 0, -3*u = -2*p + 3*p + 10. Let m be (-234)/8 + (-1)/p. Let j = m + 42. Is j composite?
False
Let i be (-64)/3*108/(-16). Suppose i = 3*r + 2*w + w, -4*r - w + 207 = 0. Is r a composite number?
False
Suppose -3*v - 31 = -4*v. Is v a composite number?
False
Let z = 20 + -17. Suppose x = -3*p + 112, z*x = 4*x + 4*p - 117. Is x a prime number?
True
Let i = -128 + 285. Is i a composite number?
False
Suppose 2*i + 8 = 4*i. Let f = i - 4. Suppose f = 3*b - 3*z - 57, -3*b + 3*z = 2*b - 87. Is b composite?
True
Let i be (10/(-8))/((-3)/12). Suppose -119 = -i*t + 666. Is t a composite number?
False
Let p be (2 - 1/2)*74. Let n = p - -34. Is n a prime number?
False
Let k(r) = r**3 - 2*r**2 - 7*r + 6. Let l be k(4). Suppose -q - q = -l. Let y = 29 + q. Is y prime?
False
Suppose -5*g + 5 = -0*g. Suppose -2*z + g = -5. Is z/(-2)*(-260)/15 prime?
False
Let q = 1807 + 120. Is q a composite number?
True
Suppose 3*i + i = 3*b - 9, 3 = b + i. Let o be 6 - (0/b)/2. Let z = o + 47. Is z a prime number?
True
Suppose 363 - 1999 = -4*g. Is g 